{"id":205,"date":"2024-02-23T13:25:21","date_gmt":"2024-02-23T13:25:21","guid":{"rendered":"https:\/\/eliskacilkova.com\/?page_id=205"},"modified":"2025-11-12T10:43:22","modified_gmt":"2025-11-12T10:43:22","slug":"news","status":"publish","type":"page","link":"https:\/\/eliskacilkova.com\/en\/news\/","title":{"rendered":"News"},"content":{"rendered":"\n<div class=\"wp-block-group alignwide has-global-padding is-layout-constrained wp-block-group-is-layout-constrained\">\n<div class=\"wp-block-columns is-layout-flex wp-container-core-columns-is-layout-28f84493 wp-block-columns-is-layout-flex\">\n<div class=\"wp-block-column is-layout-flow wp-block-column-is-layout-flow\"><\/div>\n\n\n\n<div class=\"wp-block-column is-layout-flow wp-block-column-is-layout-flow\" style=\"flex-basis:50%\">\n<p>International Film Festival Jihlava 2025 Best Soundesign &#8211; Kapr\u00e1lov\u00e1. <a href=\"https:\/\/www.ji-hlava.com\/tiskove-zpravy\/29-mfdf-ji-hlava-ceny-rozdany-v-nedeli-zacina-ji-hlava-online\" data-type=\"link\" data-id=\"https:\/\/www.ji-hlava.com\/tiskove-zpravy\/29-mfdf-ji-hlava-ceny-rozdany-v-nedeli-zacina-ji-hlava-online\" target=\"_blank\" rel=\"noopener\">More Info<\/a><\/p>\n\n\n\n<figure class=\"wp-block-image size-large\"><img loading=\"lazy\" decoding=\"async\" width=\"1024\" height=\"1024\" src=\"https:\/\/eliskacilkova.com\/wp-content\/uploads\/2025\/11\/JIhlava_sounddesgn-1-1024x1024.jpeg\" alt=\"\" class=\"wp-image-662\" srcset=\"https:\/\/eliskacilkova.com\/wp-content\/uploads\/2025\/11\/JIhlava_sounddesgn-1-1024x1024.jpeg 1024w, https:\/\/eliskacilkova.com\/wp-content\/uploads\/2025\/11\/JIhlava_sounddesgn-1-300x300.jpeg 300w, https:\/\/eliskacilkova.com\/wp-content\/uploads\/2025\/11\/JIhlava_sounddesgn-1-150x150.jpeg 150w, https:\/\/eliskacilkova.com\/wp-content\/uploads\/2025\/11\/JIhlava_sounddesgn-1-768x768.jpeg 768w, https:\/\/eliskacilkova.com\/wp-content\/uploads\/2025\/11\/JIhlava_sounddesgn-1-1536x1536.jpeg 1536w, https:\/\/eliskacilkova.com\/wp-content\/uploads\/2025\/11\/JIhlava_sounddesgn-1.jpeg 1920w\" sizes=\"auto, (max-width: 1024px) 100vw, 1024px\" \/><\/figure>\n\n\n\n<p>New Piece for symphonic Orchestra &#8211; Odst\u00edny z\u00e1\u0159e in Ostrava 11.04.2024 <\/p>\n\n\n\n<p><a href=\"https:\/\/www.jfo.cz\/en\/koncert\/a4-from-my-life\/\" data-type=\"link\" data-id=\"https:\/\/www.jfo.cz\/en\/koncert\/a4-from-my-life\/\" target=\"_blank\" rel=\"noopener\">MORE INFO<\/a> about concert<\/p>\n\n\n\n<figure class=\"wp-block-image size-full\"><a href=\"https:\/\/www.jfo.cz\/koncert\/a4-z-meho-zivota\/\" target=\"_blank\" rel=\"noreferrer noopener\"><img loading=\"lazy\" decoding=\"async\" width=\"1000\" height=\"695\" src=\"http:\/\/eliskacilkova.com\/domains\/eliskacilkova.com\/wp-content\/uploads\/2024\/02\/News1_Cilkova_JFO.webp\" alt=\"\" class=\"wp-image-96\" srcset=\"https:\/\/eliskacilkova.com\/wp-content\/uploads\/2024\/02\/News1_Cilkova_JFO.webp 1000w, https:\/\/eliskacilkova.com\/wp-content\/uploads\/2024\/02\/News1_Cilkova_JFO-300x209.webp 300w, https:\/\/eliskacilkova.com\/wp-content\/uploads\/2024\/02\/News1_Cilkova_JFO-768x534.webp 768w\" sizes=\"auto, (max-width: 1000px) 100vw, 1000px\" \/><\/a><\/figure>\n<\/div>\n\n\n\n<div class=\"wp-block-column is-layout-flow wp-block-column-is-layout-flow\"><\/div>\n<\/div>\n\n\n\n<div class=\"wp-block-columns is-layout-flex wp-container-core-columns-is-layout-28f84493 wp-block-columns-is-layout-flex\">\n<div class=\"wp-block-column is-layout-flow wp-block-column-is-layout-flow\"><\/div>\n\n\n\n<div class=\"wp-block-column is-layout-flow wp-block-column-is-layout-flow\" style=\"flex-basis:50%\">\n<p>                                               Odst\u00edny z\u00e1\u0159e Interview<\/p>\n\n\n\n<div class=\"wp-block-minimalio-blocks-minimalio-youtube\"><div class=\"minimalio-youtube\" style=\"position: relative;\"><div style=\"padding-bottom:56.25%;\"><iframe style=\"position: absolute;top: 0;left: 0;width: 100%;height: 100%;\" src=\"https:\/\/www.youtube.com\/embed\/E0VD2XP0PHo\" allowfullscreen frameborder=\"0\"><\/iframe><\/div><\/div><\/div>\n\n\n\n<p>Eli\u0161ka C\u00edlkov\u00e1 &#8211; Nominee Czech Lion Award<\/p>\n\n\n\n<div class=\"wp-block-minimalio-blocks-minimalio-youtube\"><div class=\"minimalio-youtube\" style=\"position: relative;\"><div style=\"padding-bottom:56.25%;\"><iframe style=\"position: absolute;top: 0;left: 0;width: 100%;height: 100%;\" src=\"https:\/\/www.youtube.com\/embed\/ElIon6O_H54\" allowfullscreen frameborder=\"0\"><\/iframe><\/div><\/div><\/div>\n<\/div>\n\n\n\n<div class=\"wp-block-column is-layout-flow wp-block-column-is-layout-flow\"><\/div>\n<\/div>\n\n\n\n<div class=\"wp-block-columns is-layout-flex wp-container-core-columns-is-layout-28f84493 wp-block-columns-is-layout-flex\">\n<div class=\"wp-block-column is-layout-flow wp-block-column-is-layout-flow\" style=\"flex-basis:25%\"><\/div>\n\n\n\n<div class=\"wp-block-column is-layout-flow wp-block-column-is-layout-flow\" style=\"flex-basis:50%\">\n<p>Documentary film about Eliska Cilkova&#8217;s music in Czech Television. <a href=\"https:\/\/www.ceskatelevize.cz\/porady\/14280032643-chci-slyset-co-jsem-nikdy-neslysel\/\" data-type=\"link\" data-id=\"https:\/\/www.ceskatelevize.cz\/porady\/14280032643-chci-slyset-co-jsem-nikdy-neslysel\/\" target=\"_blank\" rel=\"noopener\">link here<\/a><\/p>\n\n\n\n<div class=\"wp-block-columns is-layout-flex wp-container-core-columns-is-layout-28f84493 wp-block-columns-is-layout-flex\">\n<div class=\"wp-block-column is-layout-flow wp-block-column-is-layout-flow\" style=\"flex-basis:25%\"><\/div>\n\n\n\n<div class=\"wp-block-column is-layout-flow wp-block-column-is-layout-flow\" style=\"flex-basis:50%\">\n<figure class=\"wp-block-image size-large is-resized\"><img loading=\"lazy\" decoding=\"async\" width=\"1024\" height=\"603\" src=\"https:\/\/eliskacilkova.com\/wp-content\/uploads\/2024\/04\/CT_dokument-1024x603.jpg\" alt=\"\" class=\"wp-image-442\" style=\"width:229px;height:auto\" srcset=\"https:\/\/eliskacilkova.com\/wp-content\/uploads\/2024\/04\/CT_dokument-1024x603.jpg 1024w, https:\/\/eliskacilkova.com\/wp-content\/uploads\/2024\/04\/CT_dokument-300x177.jpg 300w, https:\/\/eliskacilkova.com\/wp-content\/uploads\/2024\/04\/CT_dokument-768x452.jpg 768w, https:\/\/eliskacilkova.com\/wp-content\/uploads\/2024\/04\/CT_dokument-1536x904.jpg 1536w, https:\/\/eliskacilkova.com\/wp-content\/uploads\/2024\/04\/CT_dokument.jpg 1920w\" sizes=\"auto, (max-width: 1024px) 100vw, 1024px\" \/><\/figure>\n<\/div>\n\n\n\n<div class=\"wp-block-column is-layout-flow wp-block-column-is-layout-flow\" style=\"flex-basis:25%\"><\/div>\n<\/div>\n<\/div>\n\n\n\n<div class=\"wp-block-column is-layout-flow wp-block-column-is-layout-flow\" style=\"flex-basis:25%\"><\/div>\n<\/div>\n\n\n\n<div class=\"wp-block-columns is-layout-flex wp-container-core-columns-is-layout-28f84493 wp-block-columns-is-layout-flex\">\n<div class=\"wp-block-column is-layout-flow wp-block-column-is-layout-flow\"><\/div>\n\n\n\n<div class=\"wp-block-column is-layout-flow wp-block-column-is-layout-flow\"><\/div>\n<\/div>\n\n\n\n<div class=\"wp-block-columns is-layout-flex wp-container-core-columns-is-layout-28f84493 wp-block-columns-is-layout-flex\">\n<div class=\"wp-block-column is-layout-flow wp-block-column-is-layout-flow\"><\/div>\n\n\n\n<div class=\"wp-block-column is-layout-flow wp-block-column-is-layout-flow\" style=\"flex-basis:50%\">\n<p>Trio for clarinet, violoncello and piano <\/p>\n\n\n\n<p><a href=\"https:\/\/www.pkf.cz\/29k8\" target=\"_blank\" rel=\"noopener\">https:\/\/www.pkf.cz\/29k8<\/a><\/p>\n\n\n\n<figure class=\"wp-block-image size-full\"><a href=\"https:\/\/www.jfo.cz\/koncert\/a4-z-meho-zivota\/\" target=\"_blank\" rel=\"noreferrer noopener\"><img loading=\"lazy\" decoding=\"async\" width=\"1000\" height=\"581\" src=\"http:\/\/eliskacilkova.com\/domains\/eliskacilkova.com\/wp-content\/uploads\/2024\/02\/News2_Cilkova_PKF.webp\" alt=\"\" class=\"wp-image-97\" srcset=\"https:\/\/eliskacilkova.com\/wp-content\/uploads\/2024\/02\/News2_Cilkova_PKF.webp 1000w, https:\/\/eliskacilkova.com\/wp-content\/uploads\/2024\/02\/News2_Cilkova_PKF-300x174.webp 300w, https:\/\/eliskacilkova.com\/wp-content\/uploads\/2024\/02\/News2_Cilkova_PKF-768x446.webp 768w\" sizes=\"auto, (max-width: 1000px) 100vw, 1000px\" \/><\/a><\/figure>\n<\/div>\n\n\n\n<div class=\"wp-block-column is-layout-flow wp-block-column-is-layout-flow\"><\/div>\n<\/div>\n<\/div>\n","protected":false},"excerpt":{"rendered":"<p>International Film Festival Jihlava 2025 Best Soundesign &#8211; Kapr\u00e1lov\u00e1. More Info New Piece for symphonic Orchestra &#8211; Odst\u00edny z\u00e1\u0159e in Ostrava 11.04.2024 MORE INFO about concert Odst\u00edny z\u00e1\u0159e Interview Eli\u0161ka C\u00edlkov\u00e1 &#8211; Nominee Czech Lion Award Documentary film about Eliska Cilkova&#8217;s music in Czech Television. link here Trio for clarinet, violoncello and piano https:\/\/www.pkf.cz\/29k8<\/p>\n","protected":false},"author":1,"featured_media":0,"parent":0,"menu_order":0,"comment_status":"closed","ping_status":"closed","template":"","meta":{"footnotes":""},"categories":[],"tags":[],"class_list":["post-205","page","type-page","status-publish","hentry"],"_links":{"self":[{"href":"https:\/\/eliskacilkova.com\/en\/wp-json\/wp\/v2\/pages\/205","targetHints":{"allow":["GET"]}}],"collection":[{"href":"https:\/\/eliskacilkova.com\/en\/wp-json\/wp\/v2\/pages"}],"about":[{"href":"https:\/\/eliskacilkova.com\/en\/wp-json\/wp\/v2\/types\/page"}],"author":[{"embeddable":true,"href":"https:\/\/eliskacilkova.com\/en\/wp-json\/wp\/v2\/users\/1"}],"replies":[{"embeddable":true,"href":"https:\/\/eliskacilkova.com\/en\/wp-json\/wp\/v2\/comments?post=205"}],"version-history":[{"count":11,"href":"https:\/\/eliskacilkova.com\/en\/wp-json\/wp\/v2\/pages\/205\/revisions"}],"predecessor-version":[{"id":665,"href":"https:\/\/eliskacilkova.com\/en\/wp-json\/wp\/v2\/pages\/205\/revisions\/665"}],"wp:attachment":[{"href":"https:\/\/eliskacilkova.com\/en\/wp-json\/wp\/v2\/media?parent=205"}],"wp:term":[{"taxonomy":"category","embeddable":true,"href":"https:\/\/eliskacilkova.com\/en\/wp-json\/wp\/v2\/categories?post=205"},{"taxonomy":"post_tag","embeddable":true,"href":"https:\/\/eliskacilkova.com\/en\/wp-json\/wp\/v2\/tags?post=205"}],"curies":[{"name":"wp","href":"https:\/\/api.w.org\/{rel}","templated":true}]}}

<div class="wp-block-group alignwide has-global-padding is-layout-constrained wp-block-group-is-layout-constrained">
<div class="wp-block-columns is-layout-flex wp-container-core-columns-is-layout-28f84493 wp-block-columns-is-layout-flex">
<div class="wp-block-column is-layout-flow wp-block-column-is-layout-flow"></div>



<div class="wp-block-column is-layout-flow wp-block-column-is-layout-flow" style="flex-basis:50%">
<p>International Film Festival Jihlava 2025 Best Soundesign &#8211; Kaprálová. <a href="https://www.ji-hlava.com/tiskove-zpravy/29-mfdf-ji-hlava-ceny-rozdany-v-nedeli-zacina-ji-hlava-online" data-type="link" data-id="https://www.ji-hlava.com/tiskove-zpravy/29-mfdf-ji-hlava-ceny-rozdany-v-nedeli-zacina-ji-hlava-online" target="_blank" rel="noopener">More Info</a></p>



<figure class="wp-block-image size-large"><img loading="lazy" decoding="async" width="1024" height="1024" src="https://eliskacilkova.com/wp-content/uploads/2025/11/JIhlava_sounddesgn-1-1024x1024.jpeg" alt="" class="wp-image-662" srcset="https://eliskacilkova.com/wp-content/uploads/2025/11/JIhlava_sounddesgn-1-1024x1024.jpeg 1024w, https://eliskacilkova.com/wp-content/uploads/2025/11/JIhlava_sounddesgn-1-300x300.jpeg 300w, https://eliskacilkova.com/wp-content/uploads/2025/11/JIhlava_sounddesgn-1-150x150.jpeg 150w, https://eliskacilkova.com/wp-content/uploads/2025/11/JIhlava_sounddesgn-1-768x768.jpeg 768w, https://eliskacilkova.com/wp-content/uploads/2025/11/JIhlava_sounddesgn-1-1536x1536.jpeg 1536w, https://eliskacilkova.com/wp-content/uploads/2025/11/JIhlava_sounddesgn-1.jpeg 1920w" sizes="auto, (max-width: 1024px) 100vw, 1024px" /></figure>



<p>New Piece for symphonic Orchestra &#8211; Odstíny záře in Ostrava 11.04.2024 </p>



<p><a href="https://www.jfo.cz/en/koncert/a4-from-my-life/" data-type="link" data-id="https://www.jfo.cz/en/koncert/a4-from-my-life/" target="_blank" rel="noopener">MORE INFO</a> about concert</p>



<figure class="wp-block-image size-full"><a href="https://www.jfo.cz/koncert/a4-z-meho-zivota/" target="_blank" rel="noreferrer noopener"><img loading="lazy" decoding="async" width="1000" height="695" src="http://eliskacilkova.com/domains/eliskacilkova.com/wp-content/uploads/2024/02/News1_Cilkova_JFO.webp" alt="" class="wp-image-96" srcset="https://eliskacilkova.com/wp-content/uploads/2024/02/News1_Cilkova_JFO.webp 1000w, https://eliskacilkova.com/wp-content/uploads/2024/02/News1_Cilkova_JFO-300x209.webp 300w, https://eliskacilkova.com/wp-content/uploads/2024/02/News1_Cilkova_JFO-768x534.webp 768w" sizes="auto, (max-width: 1000px) 100vw, 1000px" /></a></figure>
</div>



<div class="wp-block-column is-layout-flow wp-block-column-is-layout-flow"></div>
</div>



<div class="wp-block-columns is-layout-flex wp-container-core-columns-is-layout-28f84493 wp-block-columns-is-layout-flex">
<div class="wp-block-column is-layout-flow wp-block-column-is-layout-flow"></div>



<div class="wp-block-column is-layout-flow wp-block-column-is-layout-flow" style="flex-basis:50%">
<p>                                               Odstíny záře Interview</p>



<div class="wp-block-minimalio-blocks-minimalio-youtube"><div class="minimalio-youtube" style="position: relative;"><div style="padding-bottom:56.25%;"><iframe style="position: absolute;top: 0;left: 0;width: 100%;height: 100%;" src="https://www.youtube.com/embed/E0VD2XP0PHo" allowfullscreen frameborder="0"></iframe></div></div></div>



<p>Eliška Cílková &#8211; Nominee Czech Lion Award</p>



<div class="wp-block-minimalio-blocks-minimalio-youtube"><div class="minimalio-youtube" style="position: relative;"><div style="padding-bottom:56.25%;"><iframe style="position: absolute;top: 0;left: 0;width: 100%;height: 100%;" src="https://www.youtube.com/embed/ElIon6O_H54" allowfullscreen frameborder="0"></iframe></div></div></div>
</div>



<div class="wp-block-column is-layout-flow wp-block-column-is-layout-flow"></div>
</div>



<div class="wp-block-columns is-layout-flex wp-container-core-columns-is-layout-28f84493 wp-block-columns-is-layout-flex">
<div class="wp-block-column is-layout-flow wp-block-column-is-layout-flow" style="flex-basis:25%"></div>



<div class="wp-block-column is-layout-flow wp-block-column-is-layout-flow" style="flex-basis:50%">
<p>Documentary film about Eliska Cilkova&#8217;s music in Czech Television. <a href="https://www.ceskatelevize.cz/porady/14280032643-chci-slyset-co-jsem-nikdy-neslysel/" data-type="link" data-id="https://www.ceskatelevize.cz/porady/14280032643-chci-slyset-co-jsem-nikdy-neslysel/" target="_blank" rel="noopener">link here</a></p>



<div class="wp-block-columns is-layout-flex wp-container-core-columns-is-layout-28f84493 wp-block-columns-is-layout-flex">
<div class="wp-block-column is-layout-flow wp-block-column-is-layout-flow" style="flex-basis:25%"></div>



<div class="wp-block-column is-layout-flow wp-block-column-is-layout-flow" style="flex-basis:50%">
<figure class="wp-block-image size-large is-resized"><img loading="lazy" decoding="async" width="1024" height="603" src="https://eliskacilkova.com/wp-content/uploads/2024/04/CT_dokument-1024x603.jpg" alt="" class="wp-image-442" style="width:229px;height:auto" srcset="https://eliskacilkova.com/wp-content/uploads/2024/04/CT_dokument-1024x603.jpg 1024w, https://eliskacilkova.com/wp-content/uploads/2024/04/CT_dokument-300x177.jpg 300w, https://eliskacilkova.com/wp-content/uploads/2024/04/CT_dokument-768x452.jpg 768w, https://eliskacilkova.com/wp-content/uploads/2024/04/CT_dokument-1536x904.jpg 1536w, https://eliskacilkova.com/wp-content/uploads/2024/04/CT_dokument.jpg 1920w" sizes="auto, (max-width: 1024px) 100vw, 1024px" /></figure>
</div>



<div class="wp-block-column is-layout-flow wp-block-column-is-layout-flow" style="flex-basis:25%"></div>
</div>
</div>



<div class="wp-block-column is-layout-flow wp-block-column-is-layout-flow" style="flex-basis:25%"></div>
</div>



<div class="wp-block-columns is-layout-flex wp-container-core-columns-is-layout-28f84493 wp-block-columns-is-layout-flex">
<div class="wp-block-column is-layout-flow wp-block-column-is-layout-flow"></div>



<div class="wp-block-column is-layout-flow wp-block-column-is-layout-flow"></div>
</div>



<div class="wp-block-columns is-layout-flex wp-container-core-columns-is-layout-28f84493 wp-block-columns-is-layout-flex">
<div class="wp-block-column is-layout-flow wp-block-column-is-layout-flow"></div>



<div class="wp-block-column is-layout-flow wp-block-column-is-layout-flow" style="flex-basis:50%">
<p>Trio for clarinet, violoncello and piano </p>



<p><a href="https://www.pkf.cz/29k8" target="_blank" rel="noopener">https://www.pkf.cz/29k8</a></p>



<figure class="wp-block-image size-full"><a href="https://www.jfo.cz/koncert/a4-z-meho-zivota/" target="_blank" rel="noreferrer noopener"><img loading="lazy" decoding="async" width="1000" height="581" src="http://eliskacilkova.com/domains/eliskacilkova.com/wp-content/uploads/2024/02/News2_Cilkova_PKF.webp" alt="" class="wp-image-97" srcset="https://eliskacilkova.com/wp-content/uploads/2024/02/News2_Cilkova_PKF.webp 1000w, https://eliskacilkova.com/wp-content/uploads/2024/02/News2_Cilkova_PKF-300x174.webp 300w, https://eliskacilkova.com/wp-content/uploads/2024/02/News2_Cilkova_PKF-768x446.webp 768w" sizes="auto, (max-width: 1000px) 100vw, 1000px" /></a></figure>
</div>



<div class="wp-block-column is-layout-flow wp-block-column-is-layout-flow"></div>
</div>
</div>

<p>International Film Festival Jihlava 2025 Best Soundesign &#8211; Kaprálová. More Info New Piece for symphonic Orchestra &#8211; Odstíny záře in Ostrava 11.04.2024 MORE INFO about concert Odstíny záře Interview Eliška Cílková &#8211; Nominee Czech Lion Award Documentary film about Eliska Cilkova&#8217;s music in Czech Television. link here Trio for clarinet, violoncello and piano https://www.pkf.cz/29k8</p>
